{"id":911,"date":"2020-08-31T22:25:57","date_gmt":"2020-08-31T22:25:57","guid":{"rendered":"http:\/\/grupo-petro.com.mx\/es\/?page_id=911"},"modified":"2020-09-14T20:29:15","modified_gmt":"2020-09-14T20:29:15","slug":"contactanos","status":"publish","type":"page","link":"https:\/\/grupo-petro.com.mx\/petro\/contactanos\/","title":{"rendered":"CONT\u00c1CTANOS"},"content":{"rendered":"<p>[et_pb_section fb_built=\u00bb1&#8243; fullwidth=\u00bbon\u00bb _builder_version=\u00bb3.22&#8243; background_color=\u00bb#2ea3f2&#8243; use_background_color_gradient=\u00bbon\u00bb background_color_gradient_start=\u00bb#2ea3f2&#8243; background_color_gradient_end=\u00bb#2e6df4&#8243; background_color_gradient_direction=\u00bb330deg\u00bb][et_pb_fullwidth_header title=\u00bbCont\u00e1ctanos\u00bb subhead=\u00bbSolicite m\u00e1s informaci\u00f3n mediante nuestro formulario de contacto.\u00bb content_max_width=\u00bbnone\u00bb _builder_version=\u00bb4.3.3&#8243; background_enable_color=\u00bboff\u00bb background_image=\u00bbhttp:\/\/grupo-petro.com.mx\/petro\/wp-content\/uploads\/2015\/09\/fondo_petro_3_1.jpg\u00bb button_one_text_size__hover_enabled=\u00bboff\u00bb button_two_text_size__hover_enabled=\u00bboff\u00bb button_one_text_color__hover_enabled=\u00bboff\u00bb button_two_text_color__hover_enabled=\u00bboff\u00bb button_one_border_width__hover_enabled=\u00bboff\u00bb button_two_border_width__hover_enabled=\u00bboff\u00bb button_one_border_color__hover_enabled=\u00bboff\u00bb button_two_border_color__hover_enabled=\u00bboff\u00bb button_one_border_radius__hover_enabled=\u00bboff\u00bb button_two_border_radius__hover_enabled=\u00bboff\u00bb button_one_letter_spacing__hover_enabled=\u00bboff\u00bb button_two_letter_spacing__hover_enabled=\u00bboff\u00bb button_one_bg_color__hover_enabled=\u00bboff\u00bb button_two_bg_color__hover_enabled=\u00bboff\u00bb][\/et_pb_fullwidth_header][\/et_pb_section][et_pb_section fb_built=\u00bb1&#8243; fullwidth=\u00bbon\u00bb _builder_version=\u00bb3.22&#8243;][et_pb_fullwidth_map address=\u00bbCamino Antiguo a Medrano, Martin a Mart\u00ednez, Altamira, Tamps., M\u00e9xico\u00bb zoom_level=\u00bb6&#8243; address_lat=\u00bb23.4617862017&#8243; address_lng=\u00bb-100.451525925&#8243; _builder_version=\u00bb4.3.3&#8243;][et_pb_map_pin title=\u00bbOur Location\u00bb pin_address=\u00bbCamino Antiguo a Medrano, Martin a Mart\u00ednez, Altamira, Tamps., M\u00e9xico\u00bb pin_address_lat=\u00bb22.409557&#8243; pin_address_lng=\u00bb-97.9026978&#8243; _builder_version=\u00bb4.3.3&#8243;][\/et_pb_map_pin][et_pb_map_pin title=\u00bbOur Location\u00bb pin_address=\u00bbValle de Los Alamos, 67350 Cd de Allende, N.L., M\u00e9xico\u00bb pin_address_lat=\u00bb25.2914567&#8243; pin_address_lng=\u00bb-100.0191857&#8243; _builder_version=\u00bb4.3.3&#8243;][\/et_pb_map_pin][et_pb_map_pin title=\u00bbOur Location\u00bb pin_address=\u00bbCarr. Libre Monterrey &#8211; Reynosa km. 29.8, Ejido Cadereyta, Sin Nombre de Col 2, 67480 Cadereyta Jim\u00e9nez, N.L., M\u00e9xico\u00bb pin_address_lat=\u00bb25.6018155&#8243; pin_address_lng=\u00bb-100.011965&#8243; _builder_version=\u00bb4.3.3&#8243;][\/et_pb_map_pin][et_pb_map_pin title=\u00bbOur Location\u00bb pin_address=\u00bbBlvrd Paseo Solidaridad 5234, Sin Nombre, Irapuato, Gto., M\u00e9xico\u00bb pin_address_lat=\u00bb20.6584608&#8243; pin_address_lng=\u00bb-101.3036934&#8243; _builder_version=\u00bb4.3.3&#8243;][\/et_pb_map_pin][\/et_pb_fullwidth_map][\/et_pb_section][et_pb_section fb_built=\u00bb1&#8243; _builder_version=\u00bb4.3.3&#8243; use_background_color_gradient=\u00bbon\u00bb background_color_gradient_start=\u00bbrgba(0,0,0,0.77)\u00bb background_color_gradient_end=\u00bbrgba(255,255,255,0.32)\u00bb background_image=\u00bbhttp:\/\/grupo-petro.com.mx\/petro\/wp-content\/uploads\/2020\/08\/DSC_0777-scaled.jpg\u00bb background_blend=\u00bboverlay\u00bb][et_pb_row column_structure=\u00bb1_2,1_2&#8243; _builder_version=\u00bb3.25&#8243; background_size=\u00bbinitial\u00bb background_position=\u00bbtop_left\u00bb background_repeat=\u00bbrepeat\u00bb custom_padding=\u00bb|30px||||\u00bb][et_pb_column type=\u00bb1_2&#8243; _builder_version=\u00bb3.25&#8243; custom_padding=\u00bb|||\u00bb custom_padding__hover=\u00bb|||\u00bb][et_pb_contact_form captcha=\u00bboff\u00bb email=\u00bbgrupo-petro@grupo-petro.com.mx\u00bb title=\u00bbPara cualquier duda o mayor informaci\u00f3n acerca de nuestros servicios favor de contactarse con nosotros.\u00bb custom_message=\u00bbMi nombre es: %%Name%%||et_pb_line_break_holder||Mi correo electr\u00f3nico: %%Email%%||et_pb_line_break_holder||Mi tel\u00e9fono es: %%Phone%%||et_pb_line_break_holder||Mensaje: %%Message%%\u00bb module_id=\u00bbet_pb_contact_form_0&#8243; _builder_version=\u00bb4.3.3&#8243; form_field_background_color=\u00bb#f7f7f7&#8243; title_font=\u00bb|600|||||||\u00bb title_text_color=\u00bb#ffffff\u00bb form_field_font=\u00bb||||||||\u00bb custom_button=\u00bbon\u00bb button_text_color=\u00bb#ffffff\u00bb button_bg_color=\u00bb#08184b\u00bb button_border_color=\u00bbrgba(0,0,0,0)\u00bb button_icon=\u00bb%%28%%\u00bb button_icon_color=\u00bb#ffffff\u00bb form_background_color=\u00bb#f7f7f7&#8243;][et_pb_contact_field field_id=\u00bbName\u00bb field_title=\u00bbNombre\u00bb fullwidth_field=\u00bbon\u00bb _builder_version=\u00bb4.3.3&#8243; form_field_font=\u00bb||||||||\u00bb button_text_size__hover_enabled=\u00bboff\u00bb button_one_text_size__hover_enabled=\u00bboff\u00bb button_two_text_size__hover_enabled=\u00bboff\u00bb button_text_color__hover_enabled=\u00bboff\u00bb button_one_text_color__hover_enabled=\u00bboff\u00bb button_two_text_color__hover_enabled=\u00bboff\u00bb button_border_width__hover_enabled=\u00bboff\u00bb button_one_border_width__hover_enabled=\u00bboff\u00bb button_two_border_width__hover_enabled=\u00bboff\u00bb button_border_color__hover_enabled=\u00bboff\u00bb button_one_border_color__hover_enabled=\u00bboff\u00bb button_two_border_color__hover_enabled=\u00bboff\u00bb button_border_radius__hover_enabled=\u00bboff\u00bb button_one_border_radius__hover_enabled=\u00bboff\u00bb button_two_border_radius__hover_enabled=\u00bboff\u00bb button_letter_spacing__hover_enabled=\u00bboff\u00bb button_one_letter_spacing__hover_enabled=\u00bboff\u00bb button_two_letter_spacing__hover_enabled=\u00bboff\u00bb button_bg_color__hover_enabled=\u00bboff\u00bb button_one_bg_color__hover_enabled=\u00bboff\u00bb button_two_bg_color__hover_enabled=\u00bboff\u00bb][\/et_pb_contact_field][et_pb_contact_field field_id=\u00bbEmail\u00bb field_title=\u00bbCorreo electr\u00f3nico\u00bb field_type=\u00bbemail\u00bb _builder_version=\u00bb4.3.3&#8243; button_text_size__hover_enabled=\u00bboff\u00bb button_one_text_size__hover_enabled=\u00bboff\u00bb button_two_text_size__hover_enabled=\u00bboff\u00bb button_text_color__hover_enabled=\u00bboff\u00bb button_one_text_color__hover_enabled=\u00bboff\u00bb button_two_text_color__hover_enabled=\u00bboff\u00bb button_border_width__hover_enabled=\u00bboff\u00bb button_one_border_width__hover_enabled=\u00bboff\u00bb button_two_border_width__hover_enabled=\u00bboff\u00bb button_border_color__hover_enabled=\u00bboff\u00bb button_one_border_color__hover_enabled=\u00bboff\u00bb button_two_border_color__hover_enabled=\u00bboff\u00bb button_border_radius__hover_enabled=\u00bboff\u00bb button_one_border_radius__hover_enabled=\u00bboff\u00bb button_two_border_radius__hover_enabled=\u00bboff\u00bb button_letter_spacing__hover_enabled=\u00bboff\u00bb button_one_letter_spacing__hover_enabled=\u00bboff\u00bb button_two_letter_spacing__hover_enabled=\u00bboff\u00bb button_bg_color__hover_enabled=\u00bboff\u00bb button_one_bg_color__hover_enabled=\u00bboff\u00bb button_two_bg_color__hover_enabled=\u00bboff\u00bb][\/et_pb_contact_field][et_pb_contact_field field_id=\u00bbPhone\u00bb field_title=\u00bbTel\u00e9fono\u00bb field_type=\u00bbemail\u00bb _builder_version=\u00bb4.3.3&#8243; button_text_size__hover_enabled=\u00bboff\u00bb button_one_text_size__hover_enabled=\u00bboff\u00bb button_two_text_size__hover_enabled=\u00bboff\u00bb button_text_color__hover_enabled=\u00bboff\u00bb button_one_text_color__hover_enabled=\u00bboff\u00bb button_two_text_color__hover_enabled=\u00bboff\u00bb button_border_width__hover_enabled=\u00bboff\u00bb button_one_border_width__hover_enabled=\u00bboff\u00bb button_two_border_width__hover_enabled=\u00bboff\u00bb button_border_color__hover_enabled=\u00bboff\u00bb button_one_border_color__hover_enabled=\u00bboff\u00bb button_two_border_color__hover_enabled=\u00bboff\u00bb button_border_radius__hover_enabled=\u00bboff\u00bb button_one_border_radius__hover_enabled=\u00bboff\u00bb button_two_border_radius__hover_enabled=\u00bboff\u00bb button_letter_spacing__hover_enabled=\u00bboff\u00bb button_one_letter_spacing__hover_enabled=\u00bboff\u00bb button_two_letter_spacing__hover_enabled=\u00bboff\u00bb button_bg_color__hover_enabled=\u00bboff\u00bb button_one_bg_color__hover_enabled=\u00bboff\u00bb button_two_bg_color__hover_enabled=\u00bboff\u00bb][\/et_pb_contact_field][et_pb_contact_field field_id=\u00bbMessage\u00bb field_title=\u00bbMensaje\u00bb field_type=\u00bbtext\u00bb fullwidth_field=\u00bbon\u00bb _builder_version=\u00bb4.3.3&#8243; button_text_size__hover_enabled=\u00bboff\u00bb button_one_text_size__hover_enabled=\u00bboff\u00bb button_two_text_size__hover_enabled=\u00bboff\u00bb button_text_color__hover_enabled=\u00bboff\u00bb button_one_text_color__hover_enabled=\u00bboff\u00bb button_two_text_color__hover_enabled=\u00bboff\u00bb button_border_width__hover_enabled=\u00bboff\u00bb button_one_border_width__hover_enabled=\u00bboff\u00bb button_two_border_width__hover_enabled=\u00bboff\u00bb button_border_color__hover_enabled=\u00bboff\u00bb button_one_border_color__hover_enabled=\u00bboff\u00bb button_two_border_color__hover_enabled=\u00bboff\u00bb button_border_radius__hover_enabled=\u00bboff\u00bb button_one_border_radius__hover_enabled=\u00bboff\u00bb button_two_border_radius__hover_enabled=\u00bboff\u00bb button_letter_spacing__hover_enabled=\u00bboff\u00bb button_one_letter_spacing__hover_enabled=\u00bboff\u00bb button_two_letter_spacing__hover_enabled=\u00bboff\u00bb button_bg_color__hover_enabled=\u00bboff\u00bb button_one_bg_color__hover_enabled=\u00bboff\u00bb button_two_bg_color__hover_enabled=\u00bboff\u00bb][\/et_pb_contact_field][\/et_pb_contact_form][\/et_pb_column][et_pb_column type=\u00bb1_2&#8243; _builder_version=\u00bb3.25&#8243; custom_padding=\u00bb|||\u00bb custom_padding__hover=\u00bb|||\u00bb][et_pb_text _builder_version=\u00bb4.3.3&#8243; text_text_color=\u00bb#ffffff\u00bb header_3_font=\u00bb|600|||||||\u00bb header_3_text_color=\u00bb#ffffff\u00bb header_3_font_size=\u00bb26px\u00bb background_color=\u00bb#08184b\u00bb background_size=\u00bbinitial\u00bb background_position=\u00bbtop_left\u00bb background_repeat=\u00bbrepeat\u00bb width=\u00bb100%\u00bb custom_margin=\u00bb|-38px||||\u00bb custom_padding=\u00bb27px|20px||||\u00bb]<\/p>\n<p style=\"padding-left: 30px;\">CALLE FELICITOS RODR\u00cdGUEZ 1301-A OTE SECCI\u00d3N OJO DE AGUA, ALLENDE NL. M\u00c9XICO<\/p>\n<p style=\"padding-left: 30px;\">Tel\u00e9fonos:<\/p>\n<p style=\"padding-left: 30px;\">8262684359<br \/> <span style=\"font-size: 14px;\">826268 6515<br \/> <\/span><span style=\"font-size: 14px;\">8262685777\u00a0<\/span><\/p>\n<p style=\"padding-left: 30px;\"><span style=\"font-size: 14px;\"><a href=\"mailto:empresas@grupo-petro.com.mx\">empresas@grupo-petro.com.mx<\/a><\/span><\/p>\n<h3 style=\"padding-left: 30px;\"><\/h3>\n<h3 style=\"padding-left: 30px;\">Nuestras terminales<\/h3>\n<p style=\"padding-left: 30px;\"><strong>Terminal Puerto Altamira<\/strong><strong><br \/> <\/strong>Carretera antigua a Medrano 0.8 kms.<br \/> Col. Mart\u00edn a Mart\u00ednez<br \/> 89602 Altamira, Tamps.<\/p>\n<p style=\"padding-left: 30px;\"><strong>Terminal Monterrey<\/strong><strong><br \/> <\/strong>Calle Felicitos Rdz. 1301-A Ote.<br \/> Secc. Ojo de Agua (Parque Industrial Allende)<br \/> C.P. 67350, Allende, N.L.<\/p>\n<p style=\"padding-left: 30px;\"><strong>Terminal Cadereyta<br \/> <\/strong>Autopista Cadereyta a Reynosa km 36.5,<br \/> C.P. 67480, Cadereyta Jim\u00e9nez, NL.<\/p>\n<p style=\"padding-left: 30px;\"><strong>Terminal Irapuato<br \/> <\/strong>Boulevard Solidaridad #5234<br \/> Col. Rancho Grande<br \/> C.P. 36827, Irapuato, Gto.<\/p>\n<p style=\"padding-left: 30px;\"><strong><br \/> <\/strong><\/p>\n<p>[\/et_pb_text][\/et_pb_column][\/et_pb_row][\/et_pb_section]<\/p>\n","protected":false},"excerpt":{"rendered":"<p>[et_pb_section fb_built=\u00bb1&#8243; fullwidth=\u00bbon\u00bb _builder_version=\u00bb3.22&#8243; background_color=\u00bb#2ea3f2&#8243; use_background_color_gradient=\u00bbon\u00bb background_color_gradient_start=\u00bb#2ea3f2&#8243; background_color_gradient_end=\u00bb#2e6df4&#8243; background_color_gradient_direction=\u00bb330deg\u00bb][et_pb_fullwidth_header title=\u00bbCont\u00e1ctanos\u00bb subhead=\u00bbSolicite m\u00e1s informaci\u00f3n mediante nuestro formulario de contacto.\u00bb content_max_width=\u00bbnone\u00bb _builder_version=\u00bb4.3.3&#8243; background_enable_color=\u00bboff\u00bb background_image=\u00bbhttp:\/\/grupo-petro.com.mx\/petro\/wp-content\/uploads\/2015\/09\/fondo_petro_3_1.jpg\u00bb button_one_text_size__hover_enabled=\u00bboff\u00bb button_two_text_size__hover_enabled=\u00bboff\u00bb button_one_text_color__hover_enabled=\u00bboff\u00bb button_two_text_color__hover_enabled=\u00bboff\u00bb button_one_border_width__hover_enabled=\u00bboff\u00bb button_two_border_width__hover_enabled=\u00bboff\u00bb button_one_border_color__hover_enabled=\u00bboff\u00bb button_two_border_color__hover_enabled=\u00bboff\u00bb button_one_border_radius__hover_enabled=\u00bboff\u00bb button_two_border_radius__hover_enabled=\u00bboff\u00bb button_one_letter_spacing__hover_enabled=\u00bboff\u00bb button_two_letter_spacing__hover_enabled=\u00bboff\u00bb button_one_bg_color__hover_enabled=\u00bboff\u00bb button_two_bg_color__hover_enabled=\u00bboff\u00bb][\/et_pb_fullwidth_header][\/et_pb_section][et_pb_section fb_built=\u00bb1&#8243; fullwidth=\u00bbon\u00bb _builder_version=\u00bb3.22&#8243;][et_pb_fullwidth_map address=\u00bbCamino Antiguo a Medrano, Martin a Mart\u00ednez, Altamira, Tamps., M\u00e9xico\u00bb zoom_level=\u00bb6&#8243; address_lat=\u00bb23.4617862017&#8243; address_lng=\u00bb-100.451525925&#8243; _builder_version=\u00bb4.3.3&#8243;][et_pb_map_pin title=\u00bbOur Location\u00bb [&hellip;]<\/p>\n","protected":false},"author":1,"featured_media":0,"parent":0,"menu_order":0,"comment_status":"closed","ping_status":"closed","template":"","meta":{"_et_pb_use_builder":"on","_et_pb_old_content":"","_et_gb_content_width":""},"_links":{"self":[{"href":"https:\/\/grupo-petro.com.mx\/petro\/wp-json\/wp\/v2\/pages\/911"}],"collection":[{"href":"https:\/\/grupo-petro.com.mx\/petro\/wp-json\/wp\/v2\/pages"}],"about":[{"href":"https:\/\/grupo-petro.com.mx\/petro\/wp-json\/wp\/v2\/types\/page"}],"author":[{"embeddable":true,"href":"https:\/\/grupo-petro.com.mx\/petro\/wp-json\/wp\/v2\/users\/1"}],"replies":[{"embeddable":true,"href":"https:\/\/grupo-petro.com.mx\/petro\/wp-json\/wp\/v2\/comments?post=911"}],"version-history":[{"count":20,"href":"https:\/\/grupo-petro.com.mx\/petro\/wp-json\/wp\/v2\/pages\/911\/revisions"}],"predecessor-version":[{"id":971,"href":"https:\/\/grupo-petro.com.mx\/petro\/wp-json\/wp\/v2\/pages\/911\/revisions\/971"}],"wp:attachment":[{"href":"https:\/\/grupo-petro.com.mx\/petro\/wp-json\/wp\/v2\/media?parent=911"}],"curies":[{"name":"wp","href":"https:\/\/api.w.org\/{rel}","templated":true}]}}